se 2*u + 2 = 14. Let k be -1*4 - -2 - -14. What is the greatest common divisor of u and k?
6
Let x = -97 - -149. What is the highest common divisor of 4 and x?
4
Let t = 25 - 8. Calculate the highest common factor of t and 187.
17
Let i(g) = -g**3 - g. Let f be i(-2). Suppose -6 = t - 10. Suppose -t*b = 3*p - 78, 2*b - 3*b + 4*p + f = 0. What is the greatest common divisor of b and 6?
6
Suppose -5*s = 4*c - 100, -13 = -s - 2*c + 1. What is the greatest common factor of s and 12?
12
Let i(f) = f + 20. Let x(v) = -v - 19. Let r(g) = -4*i(g) - 5*x(g). Let o be r(-6). Calculate the greatest common divisor of 27 and o.
9
Suppose 0 = -6*z + 157 + 35. Calculate the greatest common factor of z and 4.
4
Suppose 4*y = 30 + 194. Suppose 4*u = -4*z + 20, 6*z - z - 45 = 5*u. What is the greatest common divisor of z and y?
7
Let w = 46 + -32. What is the greatest common divisor of w and 112?
14
Let t be 357/(-9) + (-2)/6. Let l = 70 + t. What is the greatest common divisor of 10 and l?
10
Suppose 4*x + 336 = 7*x. Let d(g) = 35*g**2. Let c be d(-1). Let u = -21 + c. What is the greatest common factor of u and x?
14
Let g(v) = v**3 + v**2 - v + 3. Let l be g(0). Let j be l/5 - 1147/(-5). Let u = j + -153. Calculate the highest common divisor of 7 and u.
7
Let r(u) = -u**3 + 28*u**2 + 32*u - 3. Let v be r(29). Calculate the greatest common factor of 28 and v.
28
Let a(o) = -o**2 - 5*o + 6. Let k be a(-5). Let x = 14 - k. Suppose x = 5*y + 3. Calculate the highest common divisor of 5 and y.
1
Let s(l) = 5*l**3 - 3*l**2 - 2*l + 2. Let x be s(3). What is the greatest common divisor of 13 and x?
13
Let a = -3 + 15. Let y be (-83)/(-6) + 2/a. What is the greatest common factor of 154 and y?
14
Suppose -4*p - 3*u = -116, 5*p + 3*u - 145 = 7*u. Calculate the greatest common divisor of 87 and p.
29
Let m be (1/2)/(1/28). Calculate the highest common divisor of m and 112.
14
Let k be 30/20*(-3 + (5 - 0)). Calculate the highest common factor of k and 1.
1
Let n(d) be the first derivative of d**2/2 + 5*d - 1. Let f be n(4). What is the highest common factor of 36 and f?
9
Let s be (-13)/(-6) + (-3)/18. Suppose 2*z = -s*z + 160. Calculate the greatest common divisor of z and 100.
20
Suppose 0*c - 210 = -5*k - 2*c, -4*k + 5*c + 168 = 0. What is the greatest common divisor of k and 6?
6
Let i(m) = m + 11. Suppose 5*s - 1 - 14 = 0. Suppose -s*u + 7*u = 0. Let g be i(u). What is the highest common divisor of 11 and g?
11
Let a(j) = -j**2 + 17*j - 5. Let s be a(15). Calculate the highest common divisor of 25 and s.
25
Let l = 1 + 3. Suppose 5*g + 4*r = g + 168, 0 = -l*g + 4*r + 184. What is the highest common divisor of 110 and g?
22
Let v = 3 - 6. Let y be (24/20)/(v/(-10)). Calculate the highest common factor of 28 and y.
4
Let p be (-2 - (-2 - 0)) + 30. Let a = -94 + 100. What is the highest common factor of p and a?
6
Suppose 5*l - 15 = -3*t + 14, 11 = 5*l - 3*t. What is the greatest common divisor of 2 and l?
2
Let p be (9/(-4))/((-5)/((-6160)/(-21))). Calculate the greatest common divisor of 12 and p.
12
Suppose 41 = 2*j - 19. What is the highest common divisor of j and 75?
15
Let i(s) = 2*s**2 + 0 - 2*s + 13*s**2 - 3. Let r be i(3). Let b be (-1)/(-4) + 55/4. What is the greatest common divisor of r and b?
14
Suppose 6*s + 486 = 12*s. Calculate the greatest common divisor of s and 18.
9
Suppose 0 = c - 2, 5*c - 31 = -4*n + 3. Let r = n + 3. Calculate the highest common divisor of r and 45.
9
Let n be 28/(0 + 0 + 4/6). What is the highest common factor of 28 and n?
14
Suppose 0*h = h. Let y = h + 18. Calculate the greatest common divisor of y and 126.
18
Let o(y) = y**3 + 9*y**2 - y - 7. Let v be o(-9). Let d be 1 + v/1 - -17. Calculate the greatest common divisor of 10 and d.
10
Suppose 0 = 4*m - 2 - 66. What is the greatest common divisor of m and 68?
17
Let i = -10 - -24. Let v be (12 + 0)/3 - -4. Suppose 2*t = -v + 36. What is the highest common divisor of i and t?
14
Suppose -47 - 147 = -2*t. Suppose n - t = -3*i - 3*n, -n + 1 = 0. Let b = -3 + i. Calculate the highest common divisor of b and 70.
14
Let v(x) = x**3 + 6*x**2 + x - 9. Let z be v(-5). What is the greatest common factor of z and 22?
11
Suppose 60 = 3*s + 2*w, -2*s + 21 = -5*w - 0. What is the greatest common divisor of 90 and s?
18
Let b = 1 + 3. Let o(y) = 3*y - 4. Let z be o(b). Calculate the highest common divisor of 40 and z.
8
Let r(i) = -i**3 - 11*i**2 - 12*i + 15. Let f be r(-11). What is the highest common factor of f and 21?
21
Let i be (-2)/7 - 88/(-14). Let o(s) = -2 - i*s + 3 + s**3 + 4*s**2 - 10*s**2. Let n be o(7). What is the greatest common factor of 4 and n?
4
Let r(m) = m**3 - 10*m**2 - 3*m - 25. Let p be r(11). Calculate the greatest common factor of 9 and p.
9
Let w = 6 + -3. Suppose 0 = -5*r + 14 - 64. Let a = -1 - r. Calculate the highest common factor of a and w.
3
Let k = -49 + 55. Calculate the highest common factor of k and 54.
6
Let j = 112 + -68. Suppose 2*k - 3*k + 39 = 3*f, -k = 4*f - j. Suppose 0 = 4*s - 3 - 9. Calculate the greatest common divisor of s and k.
3
Suppose 3*d - 3*z = -d + 36, 0 = 2*d + 3*z - 36. Let p = -5 - 2. Let w be d/p*7/(-2). What is the highest common factor of w and 66?
6
Let c be 145/10 + (-1)/(-2) + -3. Calculate the highest common factor of c and 108.
12
Let a = 97 + -92. Calculate the greatest common divisor of a and 45.
5
Let g be 9*3/(-6 + -3). Let t(o) = -2*o**3 + o**2 + 3*o. Let y be t(g). What is the highest common factor of y and 135?
27
Let d(t) = -t**3 - 26*t**2 - 49*t - 16. Let n be d(-24). What is the highest common divisor of 10 and n?
2
Let z = -270 + 550. Calculate the highest common divisor of 35 and z.
35
Suppose 5*c + 3 = g + 7, -2*g = 5*c - 22. Suppose -n + 90 = -g*q + q, -q + 4 = 0. What is the greatest common factor of n and 10?
10
Suppose 0*q - s = q - 13, -2*s + 71 = 5*q. Suppose -2*x = 3*x + 2*g - 381, -5*g = 2*x - 165. Calculate the greatest common divisor of q and x.
15
Suppose 14 = y - 18. Let f = y - 7. What is the greatest common factor of f and 5?
5
Let u = 47 - 39. Let x(l) = -l**3 - 3*l**2 + 7*l + 6. Let m be x(-6). Calculate the highest common divisor of u and m.
8
Let x be 55/10 - (-2)/4. Suppose 52 = c - 2. What is the greatest common divisor of c and x?
6
Suppose 0 = -9*v + 11*v - 380. What is the greatest common divisor of 19 and v?
19
Suppose 17 = 5*q - 8. What is the greatest common factor of 2 and q?
1
Let f = 239 + -148. What is the highest common factor of f and 13?
13
Let q = 25 - 8. Let a = q - -38. What is the greatest common factor of a and 22?
11
Suppose c - 5*s + 3*s = 21, 2*c - 18 = -4*s. Suppose -3*d = -c - 39. Calculate the highest common divisor of 6 and d.
6
Suppose -3*s = -v - 4*v + 9, -v + 11 = 4*s. Suppose -d - v*f = -4*d + 18, 2*d - 3*f - 14 = 0. Calculate the highest common factor of d and 1.
1
Suppose -3*x - 70 = -8*x. Let w be 12/10*105/x. Calculate the highest common factor of 63 and w.
9
Suppose 0*p + 3*p = 33. Let r be (-3)/(-3)*-116 - 2. Let x = 173 + r. Calculate the highest common divisor of p and x.
11
Let y be -7*1*(-3 - -2). Suppose -i + 2*i - 2*d + 1 = 0, -3*i + 3*d = -6. Suppose -i*f = -4*f - 14. Calculate the greatest common divisor of f and y.
7
Let b = -63 - -89. Let z be b*(-3)/(-12)*2. What is the highest common divisor of 13 and z?
13
Let h(y) = 6*y**2 + 2*y - 1. Let m be h(1). Calculate the highest common divisor of m and 56.
7
Suppose 2*q = -r + 27, -5*q - r = -5*r - 48. Calculate the highest common factor of q and 84.
12
Suppose 17*s - 18*s + 9 = 0. Let w be s/((-1)/((-44)/4)). What is the highest common divisor of w and 11?
11
Let v be 1 + 2/((-6)/(-87)). What is the greatest common factor of v and 6?
6
Let v be 10/(-4)*(-8)/10. Let o be 23 + -4 - (v + -1). Calculate the highest common factor of 6 and o.
6
Let q be (1/3)/(2/12). Suppose -q*c - c + 24 = 0. What is the highest common factor of 80 and c?
8
Let b(v) = 12*v**2 + v - 1. Let f be b(1). Let h be 20/8 + (-3)/(-2). Let y be 2/(-8) - (-49)/h. Calculate the greatest common divisor of y and f.
12
Suppose -25 = -4*h - 1. Suppose h = n + n. Calculate the highest common factor of n and 9.
3
Let a be ((-21)/15 + -2)*-5. Suppose 272 = -h + 5*h. What is the highest common factor of a and h?
17
Let d = -52 - -132. Ca